{"id":88,"date":"2024-03-09T14:48:55","date_gmt":"2024-03-09T14:48:55","guid":{"rendered":"https:\/\/fusion94.de\/wordpress\/?page_id=88"},"modified":"2024-05-30T17:21:45","modified_gmt":"2024-05-30T17:21:45","slug":"agb","status":"publish","type":"page","link":"https:\/\/kreuzeckhaus.net\/index.php\/agb\/","title":{"rendered":"AGB"},"content":{"rendered":"\t\t<div data-elementor-type=\"wp-page\" data-elementor-id=\"88\" class=\"elementor elementor-88\">\n\t\t\t\t<div class=\"elementor-element elementor-element-0ab17e5 e-flex e-con-boxed e-con e-parent\" data-id=\"0ab17e5\" data-element_type=\"container\" data-settings=\"{&quot;background_background&quot;:&quot;classic&quot;}\">\n\t\t\t\t\t<div class=\"e-con-inner\">\n\t\t\t\t<div class=\"elementor-element elementor-element-76f259e elementor-widget elementor-widget-text-editor\" data-id=\"76f259e\" data-element_type=\"widget\" data-widget_type=\"text-editor.default\">\n\t\t\t\t<div class=\"elementor-widget-container\">\n\t\t\t\t\t\t\t<h1 class=\"font_2 wixui-rich-text__text\"><span class=\"wixui-rich-text__text\" style=\"color: #000000;\">AGB<\/span><\/h1><p><span style=\"color: #000000;\"><strong>Allgemeine Gesch\u00e4ftsbedingungen der Alpenvereinsh\u00fctte Kreuzeckhaus <\/strong><\/span><\/p><p><span style=\"color: #000000;\"><strong>1. Meldepflicht und Ausweis<\/strong><\/span><\/p><p style=\"padding-left: 40px;\"><span style=\"color: #000000;\"> <strong>a. Eintrag ins H\u00fcttenbuch<br \/><\/strong>Jeder N\u00e4chtigungsgast muss sich bei Ankunft in das H\u00fcttenbuch eintragen und gegebenenfalls weiteren Meldevorschriften nachkommen. Zur leichteren Auffindung Verungl\u00fcckter und Vermisster wird jedem H\u00fcttengast empfohlen, das Ziel der Bergtour und die Handynummer im H\u00fcttenbuch anzugeben.<\/span><\/p><p><span style=\"color: #000000;\"><strong>2. Anspruch auf Schlafpl\u00e4tze <\/strong><\/span><\/p><p style=\"padding-left: 40px;\"><span style=\"color: #000000;\"><strong>a. Bevorzugten Anspruch auf Schlafpl\u00e4tze<br \/><\/strong>Bevorzugten Anspruch auf einen Schlafplatz vor allen H\u00fctteng\u00e4sten haben:<\/span><\/p><ul><li style=\"list-style-type: none;\"><ul><li style=\"list-style-type: none;\"><ul><li><span style=\"color: #000000;\">Erkrankte oder Verletzte, denen der Abstieg oder der Transport ins Tal nicht zugemutet werden kann;<\/span><\/li><li><span style=\"color: #000000;\">Rettungsmannschaften im Dienst. <\/span><\/li><\/ul><\/li><\/ul><\/li><\/ul><p style=\"padding-left: 40px;\"><span style=\"color: #000000;\"><strong>b. Hygienische Auflagen<br \/><\/strong>F\u00fcr alle Schlafpl\u00e4tze ist die Verwendung eines H\u00fcttenschlafsacks verpflichtend vorgeschrieben.<strong><br \/><\/strong><\/span><\/p><p style=\"padding-left: 40px;\"><span style=\"color: #000000;\"><strong>c. Reservierungsbedingungen<\/strong><\/span><\/p><ol><li style=\"list-style-type: none;\"><ol><li style=\"list-style-type: none;\"><ol><li style=\"text-align: left;\"><span style=\"color: #000000;\">Um Anmeldung bzw. Reservierung des Schlafplatzes \u00fcber das Online Reservierungssystem wird gebeten. Die Angabe der Kreditkartendaten (MasterCard, Maestro) zur Sicherung des Schlafplatzes ist verpflichtend.<\/span><\/li><li><span style=\"color: #000000;\">Wird eine Reservierungsanfrage f\u00fcr einen Schlafplatz gestellt und von Seiten des H\u00fcttenp\u00e4chters best\u00e4tigt bzw. bei kurzfristigen Buchungen bereitgestellt, so ist ein Beherbergungsvertrag zustande gekommen. Ein rechtsverbindlicher Vertragsabschluss liegt auch bei m\u00fcndlichen, insbesondere telefonischen vor -soweit nicht ausdr\u00fccklich die Schriftform vereinbart wurde.<\/span><\/li><li><span style=\"color: #000000;\">Sollten nach Reservierung gem\u00e4\u00df Punkt 1 einzelne oder alle vom Gast reservierten Schlafpl\u00e4tze nicht in Anspruch genommen werden, so werden bei R\u00fccktritt bzw. Nichtantritt des Gastes folgende Stornogeb\u00fchren pro Schlafplatz und Nacht f\u00e4llig:<\/span><\/li><\/ol><\/li><\/ol><\/li><\/ol><p style=\"padding-left: 80px;\"><span style=\"color: #000000;\">Achtung: Als Berechnungszeitpunkt des \u00c4nderungs- und Stornozeitraumes wird der Anreisetag um 18:00 h verwendet.<\/span><\/p><p style=\"padding-left: 80px;\"><span style=\"color: #000000;\">Stornozeitraum und Geb\u00fchren:<\/span><br \/><span style=\"color: #000000;\">Ab 6 Tage vor Beginn des Aufenthaltes 10\u20ac pro Person und Nacht und<\/span><br \/><span style=\"color: #000000;\">ab 3 Tage vor Beginn des Aufenthaltes 20 \u20ac pro Person und Nacht.<\/span><\/p><p style=\"padding-left: 80px;\"><span style=\"color: #000000;\">Die obengenannte Frist errechnet sich ab dem Eingang der schriftlichen Stornierung des Gastes beim H\u00fcttenp\u00e4chter.<\/span><\/p><p style=\"padding-left: 80px;\"><span style=\"color: #000000;\">Die Stornierung muss eigenst\u00e4ndig \u00fcber den Best\u00e4tigungs-\u00c4nderungslink des Buchungssystems erfolgen, eine Email wird nicht anerkannt.<\/span><\/p><ol><li style=\"list-style-type: none;\"><ol><li style=\"list-style-type: none;\"><ol start=\"6\"><li><span style=\"color: #000000;\">Die P\u00e4chter sind berechtigt, eine Anzahlung\/ Kreditkartensicherstellung von 20 \u20ac pro Person und Nacht f\u00fcr Reservierungen zu berechnen. Im Falle von R\u00fccktritt oder Nichtantritt k\u00f6nnen Stornogeb\u00fchren wie unter Punkt 3 angef\u00fchrt berechnet und von der hinterlegten Kreditkarte abgebucht werden.<\/span><\/li><li><span style=\"color: #000000;\">Ein kostenfreier R\u00fccktritt ist generell m\u00f6glich, wenn nachweislich der H\u00fcttenzustieg bzw. die Anreise zum Ausgangsort aufgrund h\u00f6herer Gewalt (z.B. Murenabgang) nicht m\u00f6glich ist. Saisonal gesperrte Wege, sind dabei nicht als h\u00f6here Gewalt zu interpretieren. Die P\u00e4chter sind bei einem R\u00fccktritt umgehend zu informieren!<\/span><\/li><li><span style=\"color: #000000;\">Alle Entscheidungen betreffend Touren, Routen, Wetter-und Lawinensituation etc. liegen in der Verantwortung des Gastes. Die Haftung seitens der H\u00fcttenverantwortlichen f\u00fcr Sch\u00e4den jeglicher Art ist ausgeschlossen.<\/span><\/li><li><span style=\"color: #000000;\">Ihre Reservierung ist bis zum Beginn der Storno-Frist unverbindlich. Gleicherma\u00dfen gilt diese Unverbindlichkeit f\u00fcr uns als Gastgeber. In Ausnahmef\u00e4llen (technische Defekte, Sch\u00e4den am Haus, Krankheit oder anderen Ausnahmef\u00e4llen) kann Ihre Buchung auch durch uns, ohne Anspruch auf Entsch\u00e4digung, storniert werden.<\/span><\/li><li><span style=\"color: #000000;\">Wenn die Reservierung nicht in Anspruch genommen wird und an dem Anreisetag bis 21 Uhr niemand erscheint, so wird eine No-Show Geb\u00fchr von 35\u20ac berechnet.<\/span><\/li><\/ol><\/li><\/ol><\/li><\/ol><p><span style=\"color: #000000;\"><strong>3. N\u00e4chtigungstarife<\/strong> <\/span><\/p><p style=\"padding-left: 40px;\"><span style=\"color: #000000;\"><strong>a. Aktuelle N\u00e4chtigungstarife f\u00fcr Mitglieder und Nichtmitglieder <\/strong><\/span><br \/><span style=\"color: #000000;\">Die aktuellen H\u00fcttengeb\u00fchren sind \u2013 je Nacht und Person:<\/span><\/p><p style=\"padding-left: 80px;\"><br \/><span style=\"color: #000000;\"><strong>Mehrbettzimmer<\/strong><\/span><br \/><span style=\"color: #000000;\">AV-Mitglieder, Erwachsene \u20ac 23<\/span><br \/><span style=\"color: #000000;\">AV-Mitglieder, Junioren (19-25 Jahre) \u20ac 23<\/span><br \/><span style=\"color: #000000;\">AV-Mitglieder, Jugendliche (7-18 Jahre) \u20ac 10<\/span><br \/><span style=\"color: #000000;\">AV-Mitglieder, Kinder (bis 6 Jahre) \u20ac 5<\/span><br \/><br \/><span style=\"color: #000000;\">Nichtmitglieder, Erwachsene \u20ac 35<\/span><br \/><span style=\"color: #000000;\">Nichtmitglieder, Junioren (19-25 Jahre) \u20ac 35<\/span><br \/><span style=\"color: #000000;\">Nichtmitglieder, Jugendliche 7-18 Jahre \u20ac 22<\/span><br \/><span style=\"color: #000000;\">Nichtmitglieder, Kinder (bis 6 Jahre) \u20ac 17<\/span><br \/><br \/><span style=\"color: #000000;\"><strong>Matratzenlager<br \/><\/strong>AV-Mitglieder, Erwachsene \u20ac 12<\/span><br \/><span style=\"color: #000000;\">AV-Mitglieder, Junioren (19-25 Jahre) \u20ac 12<\/span><br \/><span style=\"color: #000000;\">AV-Mitglieder, Jugendliche (7-18 Jahre) \u20ac 5<\/span><br \/><span style=\"color: #000000;\">AV-Mitglieder, Kinder (bis 6 Jahre) \u20ac 0<\/span><br \/><br \/><span style=\"color: #000000;\">Nichtmitglieder, Erwachsene \u20ac 24<\/span><br \/><span style=\"color: #000000;\">Nichtmitglieder, Junioren (19-25 Jahre) \u20ac 24<\/span><br \/><span style=\"color: #000000;\">Nichtmitglieder, Jugendliche 7-18 Jahre \u20ac 17 <\/span><br \/><span style=\"color: #000000;\">Nichtmitglieder, Kinder (bis 6 Jahre) \u20ac 12 <\/span><br \/><br \/><span style=\"color: #000000;\"><strong>Deluxe Zimmer<\/strong><\/span><br \/><span style=\"color: #000000;\">AV-Mitglieder \u20ac30<\/span><br \/><span style=\"color: #000000;\">Nichtmitglieder \u20ac42<\/span><br \/><br \/><span style=\"color: #000000;\">Die Geb\u00fchren k\u00f6nnen vor Ort beim P\u00e4chter in bar oder mit Karte (alle g\u00e4ngigen Bank- und Kreditkarten, mit Ausnahme von American-Express) bezahlt werden.<\/span><\/p><p style=\"padding-left: 40px;\"><span style=\"color: #000000;\"><strong>b. Infrastrukturbeitrag<br \/><\/strong>Selbstversorgung ist nicht gestattet. Ausgenommen sind Mitglieder und Gleichgestellte, in den f\u00fcr Selbstversorgung vorgesehenen Bereichen. Tagesg\u00e4ste entrichten bei Selbstversorgung f\u00fcr die Nutzung der Infrastruktur der H\u00fctte 2,50 \u20ac und N\u00e4chtigungsg\u00e4ste 5 \u20ac\/\u00dcbernachtung. Von diesen Beitr\u00e4gen befreit sind Kinder und Jugendliche bis zum vollendeten 18. Lebensjahr. Mitgebrachte alkoholische Getr\u00e4nke d\u00fcrfen generell nicht getrunken werden.<strong><br \/><\/strong><\/span><\/p><p style=\"text-align: left; padding-left: 40px;\"><span style=\"color: #000000;\"><strong>c. \u00dcberbelegung<br \/><\/strong>Eine \u00dcberbelegung rechtfertigt keine Tarifminderung.<\/span><\/p><p style=\"text-align: left;\"><span style=\"color: #000000;\"><strong>4. Erste Hilfe Material<\/strong><\/span><\/p><p style=\"text-align: left; padding-left: 40px;\"><span style=\"color: #000000;\">In der H\u00fctte sind Erste Hilfe Materialien im notwendigen Ma\u00dfe durch die H\u00fcttenverwaltung bereitzustellen und im Vorraum vorhanden.<\/span><\/p><p><span style=\"color: #000000;\"><strong>5. Verhalten in der H\u00fctte und ihrem Umfeld<\/strong> <\/span><\/p><p style=\"padding-left: 40px;\"><span style=\"color: #000000;\"><strong>a. R\u00fccksichtnahme und Abfallbeseitigung<br \/><\/strong>Jede Besucherin und jeder Besucher hat sich in der H\u00fctte und ihrem Umkreis so r\u00fccksichtsvoll zu verhalten, dass sie bzw. er andere Personen nicht st\u00f6rt. Die H\u00fctte und ihr Umfeld sind sauber zu halten, und alle G\u00e4ste haben zum Schutz der Gebirgswelt ihren eigenen Abfall selbst zur ordnungsgem\u00e4\u00dfen Entsorgung ins Tal mitzunehmen.<\/span><\/p><p style=\"padding-left: 40px;\"><span style=\"color: #000000;\"><strong>b. H\u00fcttenruhe<\/strong><\/span><br \/><span style=\"color: #000000;\">Generell soll von 22 Uhr bis 06 Uhr in der H\u00fctte Ruhe herrschen. Fr\u00fch Aufstehende m\u00fcssen sich so verhalten, dass sie die H\u00fcttenruhe nicht st\u00f6ren.<\/span><\/p><p style=\"padding-left: 40px;\"><span style=\"color: #000000;\"><strong>c. Musizieren und Konzerte<\/strong><\/span><br \/><span style=\"color: #000000;\">Das Spielen von Musikinstrumenten ist nur im Einvernehmen mit der H\u00fcttenverwaltung gestattet. Musikalische Darbietungen gegen Eintrittsgeld sind grunds\u00e4tzlich nicht gestattet.<\/span><\/p><p style=\"padding-left: 40px;\"><span style=\"color: #000000;\"><strong>d. Rundfunk-, Fernseh- und Musikger\u00e4te <br \/><\/strong>Rundfunk-, Fernseh- und Musikger\u00e4te d\u00fcrfen weder in den Aufenthalts- und Schlafr\u00e4umen noch im H\u00fcttenbereich benutzt werden. Ausgenommen sind der Empfang des Wetter- und des Lawinenlageberichtes bzw. der Betrieb von Audioger\u00e4ten mit Kopfh\u00f6rern au\u00dferhalb der H\u00fcttenruhe. Die H\u00fcttenverwaltung kann f\u00fcr bestimmte abgeschlossene R\u00e4ume Ausnahmen zulassen, wenn die Gew\u00e4hr besteht, dass die G\u00e4ste in den \u00fcbrigen R\u00e4umen dadurch nicht gest\u00f6rt werden.<\/span><\/p><p style=\"padding-left: 40px;\"><span style=\"color: #000000;\"><strong>e. Rauchen<br \/><\/strong>Rauchen ist in der gesamten H\u00fctte verboten.<\/span><\/p><p style=\"padding-left: 40px;\"><span style=\"color: #000000;\"><strong>f. Verhalten im Schlafraum<br \/><\/strong>In den Schlafr\u00e4umen darf weder gekocht noch gegessen werden. Sie d\u00fcrfen nicht mit Berg- und Skischuhen betreten werden. Das Hantieren mit offener Flamme (Kerzen, Gaskocher etc.) ist strengstens verboten!<\/span><\/p><p style=\"padding-left: 40px;\"><span style=\"color: #000000;\"><strong>g. Verhalten bei Platzmangel<br \/><\/strong>Bei Platzmangel d\u00fcrfen Sitzpl\u00e4tze in den Gastr\u00e4umen nicht im Voraus belegt werden; auf Wartende ist R\u00fccksicht zu nehmen.<\/span><\/p><p style=\"padding-left: 40px;\"><span style=\"color: #000000;\"><strong>h. Mitnahme von Haustieren<br \/><\/strong>In allen Schlafr\u00e4umen sind Haustiere verboten, au\u00dfer es wird ein Raum deklariert in welchem auch Bergrettungs- und Blindenhunde (etc.) n\u00e4chtigen k\u00f6nnen, diesen kommt eine besondere Bedeutung zu. Das Unterbringen von Tieren muss in jedem Fall vorab mit der H\u00fcttenverwaltung abgekl\u00e4rt werden.<\/span><br \/><br \/><span style=\"color: #000000;\">Zus\u00e4tze: Sofern Haustiere gestattet sind,<\/span><\/p><ul><li style=\"list-style-type: none;\"><ul><li><span style=\"color: #000000;\">kann eine angemessene Reinigungspauschale von mindestens 15 \u20ac erhoben werden.<\/span><\/li><li><span style=\"color: #000000;\">d\u00fcrfen diese die H\u00fctte nur gereinigt und trocken betreten.<\/span><\/li><li><span style=\"color: #000000;\">d\u00fcrfen diese aus hygienischen Gr\u00fcnden nicht im Bett und nicht auf den AV-Decken liegen.<\/span><\/li><li><span style=\"color: #000000;\">Eine entsprechende Haustierdecke ist vom Tierhalter mitzuf\u00fchren. <\/span><\/li><\/ul><\/li><\/ul><p style=\"padding-left: 40px;\"><span style=\"color: #000000;\"><strong>i. Besch\u00e4digung<br \/><\/strong>F\u00fcr jede fahrl\u00e4ssige oder vors\u00e4tzliche Besch\u00e4digung der H\u00fctte oder ihrer Einrichtung hat die Verursacherin bzw. der Verursacher aufzukommen. F\u00fcr das Verhalten von Kindern sind die Eltern oder die sie begleitenden Personen verantwortlich.<\/span><\/p><p><span style=\"color: #000000;\"><strong>6. Aufsicht, Beschwerden <\/strong><\/span><\/p><p style=\"padding-left: 40px;\"><span style=\"color: #000000;\"><strong>a. Hausrecht<br \/><\/strong>Die H\u00fcttenverwaltung \u00fcbt das Hausrecht aus.<\/span><\/p><p style=\"padding-left: 40px;\"><span style=\"color: #000000;\"><strong>b.Versto\u00df gegen die H\u00fcttenordnung<br \/><\/strong>Wer die H\u00fcttenordnung nicht einh\u00e4lt, kann von der H\u00fctte verwiesen werden.<\/span><\/p><p style=\"padding-left: 40px;\"><span style=\"color: #000000;\"><strong>c. Handhabung von Beschwerden<br \/><\/strong>Beanstandungen und Beschwerden sollen an Ort und Stelle behoben werden. Ist dies nicht m\u00f6glich, sind sie schriftlich an das H\u00fcttenteam zu richten.<\/span><\/p>\t\t\t\t\t\t<\/div>\n\t\t\t\t<\/div>\n\t\t\t\t\t<\/div>\n\t\t\t\t<\/div>\n\t\t\t\t<\/div>\n\t\t","protected":false},"excerpt":{"rendered":"<p>AGB Allgemeine Gesch\u00e4ftsbedingungen der Alpenvereinsh\u00fctte Kreuzeckhaus 1. Meldepflicht und Ausweis a. Eintrag ins H\u00fcttenbuchJeder N\u00e4chtigungsgast muss sich bei Ankunft in das H\u00fcttenbuch eintragen und gegebenenfalls weiteren Meldevorschriften nachkommen. Zur leichteren Auffindung Verungl\u00fcckter und Vermisster wird jedem H\u00fcttengast empfohlen, das Ziel der Bergtour und die Handynummer im H\u00fcttenbuch anzugeben. 2. Anspruch auf Schlafpl\u00e4tze a. Bevorzugten Anspruch [&hellip;]<\/p>\n","protected":false},"author":1,"featured_media":0,"parent":0,"menu_order":0,"comment_status":"closed","ping_status":"closed","template":"","meta":{"footnotes":""},"class_list":["post-88","page","type-page","status-publish","hentry"],"yoast_head":"<!-- This site is optimized with the Yoast SEO plugin v23.7 - https:\/\/yoast.com\/wordpress\/plugins\/seo\/ -->\n<title>AGB &#8226; Kreuzeckhaus<\/title>\n<meta name=\"robots\" content=\"index, follow, max-snippet:-1, max-image-preview:large, max-video-preview:-1\" \/>\n<link rel=\"canonical\" href=\"https:\/\/kreuzeckhaus.net\/index.php\/agb\/\" \/>\n<meta property=\"og:locale\" content=\"de_DE\" \/>\n<meta property=\"og:type\" content=\"article\" \/>\n<meta property=\"og:title\" content=\"AGB &#8226; Kreuzeckhaus\" \/>\n<meta property=\"og:description\" content=\"AGB Allgemeine Gesch\u00e4ftsbedingungen der Alpenvereinsh\u00fctte Kreuzeckhaus 1. Meldepflicht und Ausweis a. Eintrag ins H\u00fcttenbuchJeder N\u00e4chtigungsgast muss sich bei Ankunft in das H\u00fcttenbuch eintragen und gegebenenfalls weiteren Meldevorschriften nachkommen. Zur leichteren Auffindung Verungl\u00fcckter und Vermisster wird jedem H\u00fcttengast empfohlen, das Ziel der Bergtour und die Handynummer im H\u00fcttenbuch anzugeben. 2. Anspruch auf Schlafpl\u00e4tze a. Bevorzugten Anspruch [&hellip;]\" \/>\n<meta property=\"og:url\" content=\"https:\/\/kreuzeckhaus.net\/index.php\/agb\/\" \/>\n<meta property=\"og:site_name\" content=\"Kreuzeckhaus\" \/>\n<meta property=\"article:publisher\" content=\"https:\/\/www.facebook.com\/Kreuzeckhaus\" \/>\n<meta property=\"article:modified_time\" content=\"2024-05-30T17:21:45+00:00\" \/>\n<meta property=\"og:image\" content=\"https:\/\/kreuzeckhaus.net\/wp-content\/uploads\/2024\/03\/Hintergrund.jpg\" \/>\n\t<meta property=\"og:image:width\" content=\"1731\" \/>\n\t<meta property=\"og:image:height\" content=\"974\" \/>\n\t<meta property=\"og:image:type\" content=\"image\/jpeg\" \/>\n<meta name=\"twitter:card\" content=\"summary_large_image\" \/>\n<meta name=\"twitter:label1\" content=\"Gesch\u00e4tzte Lesezeit\" \/>\n\t<meta name=\"twitter:data1\" content=\"7\u00a0Minuten\" \/>\n<script type=\"application\/ld+json\" class=\"yoast-schema-graph\">{\"@context\":\"https:\/\/schema.org\",\"@graph\":[{\"@type\":\"WebPage\",\"@id\":\"https:\/\/kreuzeckhaus.net\/index.php\/agb\/\",\"url\":\"https:\/\/kreuzeckhaus.net\/index.php\/agb\/\",\"name\":\"AGB &#8226; Kreuzeckhaus\",\"isPartOf\":{\"@id\":\"https:\/\/kreuzeckhaus.net\/#website\"},\"datePublished\":\"2024-03-09T14:48:55+00:00\",\"dateModified\":\"2024-05-30T17:21:45+00:00\",\"breadcrumb\":{\"@id\":\"https:\/\/kreuzeckhaus.net\/index.php\/agb\/#breadcrumb\"},\"inLanguage\":\"de\",\"potentialAction\":[{\"@type\":\"ReadAction\",\"target\":[\"https:\/\/kreuzeckhaus.net\/index.php\/agb\/\"]}]},{\"@type\":\"BreadcrumbList\",\"@id\":\"https:\/\/kreuzeckhaus.net\/index.php\/agb\/#breadcrumb\",\"itemListElement\":[{\"@type\":\"ListItem\",\"position\":1,\"name\":\"Startseite\",\"item\":\"https:\/\/kreuzeckhaus.net\/\"},{\"@type\":\"ListItem\",\"position\":2,\"name\":\"AGB\"}]},{\"@type\":\"WebSite\",\"@id\":\"https:\/\/kreuzeckhaus.net\/#website\",\"url\":\"https:\/\/kreuzeckhaus.net\/\",\"name\":\"Kreuzeckhaus\",\"description\":\"Alles rund um das Kreuzeckhaus\",\"publisher\":{\"@id\":\"https:\/\/kreuzeckhaus.net\/#organization\"},\"alternateName\":\"Kreuzeckhaus\",\"potentialAction\":[{\"@type\":\"SearchAction\",\"target\":{\"@type\":\"EntryPoint\",\"urlTemplate\":\"https:\/\/kreuzeckhaus.net\/?s={search_term_string}\"},\"query-input\":{\"@type\":\"PropertyValueSpecification\",\"valueRequired\":true,\"valueName\":\"search_term_string\"}}],\"inLanguage\":\"de\"},{\"@type\":\"Organization\",\"@id\":\"https:\/\/kreuzeckhaus.net\/#organization\",\"name\":\"Kreuzeckhaus\",\"alternateName\":\"Kreuzeckhaus\",\"url\":\"https:\/\/kreuzeckhaus.net\/\",\"logo\":{\"@type\":\"ImageObject\",\"inLanguage\":\"de\",\"@id\":\"https:\/\/kreuzeckhaus.net\/#\/schema\/logo\/image\/\",\"url\":\"https:\/\/kreuzeckhaus.net\/wp-content\/uploads\/2024\/04\/cropped-Logo-Kreuzeckhaus.png\",\"contentUrl\":\"https:\/\/kreuzeckhaus.net\/wp-content\/uploads\/2024\/04\/cropped-Logo-Kreuzeckhaus.png\",\"width\":214,\"height\":100,\"caption\":\"Kreuzeckhaus\"},\"image\":{\"@id\":\"https:\/\/kreuzeckhaus.net\/#\/schema\/logo\/image\/\"},\"sameAs\":[\"https:\/\/www.facebook.com\/Kreuzeckhaus\"]}]}<\/script>\n<!-- \/ Yoast SEO plugin. -->","yoast_head_json":{"title":"AGB &#8226; Kreuzeckhaus","robots":{"index":"index","follow":"follow","max-snippet":"max-snippet:-1","max-image-preview":"max-image-preview:large","max-video-preview":"max-video-preview:-1"},"canonical":"https:\/\/kreuzeckhaus.net\/index.php\/agb\/","og_locale":"de_DE","og_type":"article","og_title":"AGB &#8226; Kreuzeckhaus","og_description":"AGB Allgemeine Gesch\u00e4ftsbedingungen der Alpenvereinsh\u00fctte Kreuzeckhaus 1. Meldepflicht und Ausweis a. Eintrag ins H\u00fcttenbuchJeder N\u00e4chtigungsgast muss sich bei Ankunft in das H\u00fcttenbuch eintragen und gegebenenfalls weiteren Meldevorschriften nachkommen. Zur leichteren Auffindung Verungl\u00fcckter und Vermisster wird jedem H\u00fcttengast empfohlen, das Ziel der Bergtour und die Handynummer im H\u00fcttenbuch anzugeben. 2. Anspruch auf Schlafpl\u00e4tze a. Bevorzugten Anspruch [&hellip;]","og_url":"https:\/\/kreuzeckhaus.net\/index.php\/agb\/","og_site_name":"Kreuzeckhaus","article_publisher":"https:\/\/www.facebook.com\/Kreuzeckhaus","article_modified_time":"2024-05-30T17:21:45+00:00","og_image":[{"width":1731,"height":974,"url":"https:\/\/kreuzeckhaus.net\/wp-content\/uploads\/2024\/03\/Hintergrund.jpg","type":"image\/jpeg"}],"twitter_card":"summary_large_image","twitter_misc":{"Gesch\u00e4tzte Lesezeit":"7\u00a0Minuten"},"schema":{"@context":"https:\/\/schema.org","@graph":[{"@type":"WebPage","@id":"https:\/\/kreuzeckhaus.net\/index.php\/agb\/","url":"https:\/\/kreuzeckhaus.net\/index.php\/agb\/","name":"AGB &#8226; Kreuzeckhaus","isPartOf":{"@id":"https:\/\/kreuzeckhaus.net\/#website"},"datePublished":"2024-03-09T14:48:55+00:00","dateModified":"2024-05-30T17:21:45+00:00","breadcrumb":{"@id":"https:\/\/kreuzeckhaus.net\/index.php\/agb\/#breadcrumb"},"inLanguage":"de","potentialAction":[{"@type":"ReadAction","target":["https:\/\/kreuzeckhaus.net\/index.php\/agb\/"]}]},{"@type":"BreadcrumbList","@id":"https:\/\/kreuzeckhaus.net\/index.php\/agb\/#breadcrumb","itemListElement":[{"@type":"ListItem","position":1,"name":"Startseite","item":"https:\/\/kreuzeckhaus.net\/"},{"@type":"ListItem","position":2,"name":"AGB"}]},{"@type":"WebSite","@id":"https:\/\/kreuzeckhaus.net\/#website","url":"https:\/\/kreuzeckhaus.net\/","name":"Kreuzeckhaus","description":"Alles rund um das Kreuzeckhaus","publisher":{"@id":"https:\/\/kreuzeckhaus.net\/#organization"},"alternateName":"Kreuzeckhaus","potentialAction":[{"@type":"SearchAction","target":{"@type":"EntryPoint","urlTemplate":"https:\/\/kreuzeckhaus.net\/?s={search_term_string}"},"query-input":{"@type":"PropertyValueSpecification","valueRequired":true,"valueName":"search_term_string"}}],"inLanguage":"de"},{"@type":"Organization","@id":"https:\/\/kreuzeckhaus.net\/#organization","name":"Kreuzeckhaus","alternateName":"Kreuzeckhaus","url":"https:\/\/kreuzeckhaus.net\/","logo":{"@type":"ImageObject","inLanguage":"de","@id":"https:\/\/kreuzeckhaus.net\/#\/schema\/logo\/image\/","url":"https:\/\/kreuzeckhaus.net\/wp-content\/uploads\/2024\/04\/cropped-Logo-Kreuzeckhaus.png","contentUrl":"https:\/\/kreuzeckhaus.net\/wp-content\/uploads\/2024\/04\/cropped-Logo-Kreuzeckhaus.png","width":214,"height":100,"caption":"Kreuzeckhaus"},"image":{"@id":"https:\/\/kreuzeckhaus.net\/#\/schema\/logo\/image\/"},"sameAs":["https:\/\/www.facebook.com\/Kreuzeckhaus"]}]}},"_links":{"self":[{"href":"https:\/\/kreuzeckhaus.net\/index.php\/wp-json\/wp\/v2\/pages\/88","targetHints":{"allow":["GET"]}}],"collection":[{"href":"https:\/\/kreuzeckhaus.net\/index.php\/wp-json\/wp\/v2\/pages"}],"about":[{"href":"https:\/\/kreuzeckhaus.net\/index.php\/wp-json\/wp\/v2\/types\/page"}],"author":[{"embeddable":true,"href":"https:\/\/kreuzeckhaus.net\/index.php\/wp-json\/wp\/v2\/users\/1"}],"replies":[{"embeddable":true,"href":"https:\/\/kreuzeckhaus.net\/index.php\/wp-json\/wp\/v2\/comments?post=88"}],"version-history":[{"count":7,"href":"https:\/\/kreuzeckhaus.net\/index.php\/wp-json\/wp\/v2\/pages\/88\/revisions"}],"predecessor-version":[{"id":995,"href":"https:\/\/kreuzeckhaus.net\/index.php\/wp-json\/wp\/v2\/pages\/88\/revisions\/995"}],"wp:attachment":[{"href":"https:\/\/kreuzeckhaus.net\/index.php\/wp-json\/wp\/v2\/media?parent=88"}],"curies":[{"name":"wp","href":"https:\/\/api.w.org\/{rel}","templated":true}]}}